). Give h(-9).
-1
Let z(r) be the second derivative of r**4/12 - 7*r**3/6 - 23*r**2/2 + 129*r. Calculate z(10).
7
Let t be (13 + 2)*(-14)/(-35). Let h(b) be the third derivative of b**2 - 1/15*b**5 + 0*b + 1/2*b**3 + 0 + 1/120*b**t - 5/24*b**4. Determine h(5).
3
Let l(f) = -2*f - 4. Let k be 396/(-54) + 2/(-3). Calculate l(k).
12
Let q = -18 - -22. Suppose -2*v + 17 = -r + 4*r, v = q. Let c(h) = h**3 + 27*h**2 - 22*h**2 + 0*h**r - 4. What is c(-4)?
12
Let d(i) be the first derivative of i**4/4 - 2*i**3 + 3*i**2/2 + 10*i - 841. Determine d(5).
0
Suppose -1155 = 4*z + 7*z. Let y = z + 98. Let q(h) = -h**2 - 6*h + 1. What is q(y)?
-6
Let a(z) = -2*z**3 + 3*z**2 - 2. Let u(t) = -13*t**2 - 5*t - 5. Let b be u(-2). Let j = b - -49. Calculate a(j).
-6
Let f be 518/8 - 4 - 1/(-4). Let c(t) = f*t**2 - 117*t**2 - 6*t**3 - t + 55*t**2. What is c(-1)?
6
Let r be (2 - -4)*(-27)/(-18). Let w(n) be the third derivative of -n**3 - 1/120*n**6 + 3/8*n**4 + 0 - 2*n**2 + 0*n + 2/15*n**5. Give w(r).
-6
Let s(f) be the third derivative of f**4/8 - 3*f**2 - 11. What is s(2)?
6
Suppose -3 = -4*a + 17. Let m(v) be the first derivative of -v - a - 1/2*v**2. What is m(3)?
-4
Let q(n) = 6*n. Suppose -13*y = -2*y - 33. Give q(y).
18
Let o(b) = -5*b + 2. Suppose 32*z - 293 = -261. Give o(z).
-3
Let w(j) = -86*j**2 - 6*j - 14 + 29*j**2 + 28*j**2 + 30*j**2. Calculate w(7).
-7
Let b(p) be the second derivative of -p**4/12 + p**3 + p**2/2 + p. Let z = -23 - -28. Determine b(z).
6
Let d be ((-2 + 2)*-1)/(-2). Let b be d/2*20/20. Let w(m) = -m**3 - m - 17. Calculate w(b).
-17
Let f(g) = -35*g**2 - 1. Suppose 20*i + 61 = 81*i. Determine f(i).
-36
Let s(r) = -3*r**2 + 2. Let c be (-452)/(-10) + 1*(-4)/20. Let w be 9/5 - 3*(-3)/c. Calculate s(w).
-10
Let o(l) = -4*l**2. Let d(w) = w**3 - 28*w**2 - 2*w + 5. Let i(j) = -d(j) + 6*o(j). Calculate i(4).
3
Let a(j) = -37*j**2 + 26*j**2 + 4 - j**3 + 17*j**2 + 6*j - 3. What is a(7)?
-6
Let l(b) = b**3 + 2*b**2 + b + 1. Let h be 11/11 - (-3 - 1). Suppose -r + 0*t + 1 = -t, h*t - 13 = -r. Suppose -3*w - g = 2*g, r*w + 12 = g. What is l(w)?
-11
Let q(k) = -9*k**3 - 2*k**2 - 2*k - 1. Let r be q(-1). Let z(h) = h**2 + 26*h - 15*h - 18*h + 4 - 13. Determine z(r).
-1
Let n(t) = 18 - t**2 - 6*t - 12 - 6*t**2 + 6*t**2. Determine n(-6).
6
Let n(x) = 4*x**2 - 1 - 2*x**2 + 2*x**2 + x**2. Suppose -t + 9 = 2*t. Suppose 4*q + 1 = -t. Calculate n(q).
4
Let d(v) = -v**3 - 13*v**2 - 11*v - 5. Suppose -2*u + 1 = -5*b, -u - 2*b = b + 27. Determine d(u).
-17
Let n = -11 + 18. Suppose 4*v - 16 = -0*v. Let x(s) = 0*s**2 - 9*s - v - s**2 + 2*s**2 + 6. Determine x(n).
-12
Let g(p) be the second derivative of p**5/60 - p**4/24 + 13*p**3/6 - 9*p**2/2 + p. Let k(x) be the first derivative of g(x). Determine k(0).
13
Let x(u) be the first derivative of -u**4/4 - 8*u**3/3 - 5*u**2/2 + 6*u + 6. Suppose -12*c + 3*z - 5 = -10*c, 5*c + 3*z = -44. Determine x(c).
-8
Let n(p) = -p**2 - 6*p. Let z(v) = -3*v**3 + v**2 + 2*v. Let i(u) = -u**3 + u. Let d(w) = 2*i(w) - z(w). Let b be d(2). Suppose g + 1 = -b. Determine n(g).
5
Let a(d) = d**3 + 24*d**2 - 26*d + 12. Let m be a(-25). Let l(p) = -9*p**2 - 16*p**2 - 13*p**2 + 4 + m*p**2. Let i be (0 + 3)/(-3 + 2). Determine l(i).
-5
Let m be ((-2)/2)/((-5)/2)*5. Let x(q) = -q**3 + 3*q - 1. What is x(m)?
-3
Let w(d) = 2*d**3 + 4*d**2 + 7*d + 4. Let y be w(-2). Let m(t) = t + 1. Let a(k) = 2*k - 11. Let p(s) = a(s) - 3*m(s). Give p(y).
-4
Let s(y) be the first derivative of 9*y**2/2 - y + 7. Calculate s(-1).
-10
Let c = 174 + -170. Let d(v) = 2*v**3 - 6*v**2 + 3*v - 4. Give d(c).
40
Let y(k) = k**2 - 7*k + 11. Let b(l) = -1. Let t(v) = -4*b(v) - y(v). Let p be (7/14)/(2/(-52)). Let i = p - -18. Determine t(i).
3
Suppose 4*y = 5*l, 5*y - 3*l = 2*y. Let b(f) = -f**2 + f + 32. What is b(y)?
32
Let b(m) = -m**2 + 3*m + 7. Let t be b(4). Let u = -3 + 5. Suppose -t*j + 6 = -3*r, -2*j + u*r = 4*r. Let a(n) = 8*n**3 - n**2. What is a(j)?
7
Let d(z) = z**3 + 3*z**2 + 2*z + 4. Let w = -4 - -5. Let p(f) = -4*f**3 - f + 1. Let x be p(w). Let c be (x/8)/((-2)/(-12)). Calculate d(c).
-2
Let y(w) be the first derivative of -5 + 1/3*w**3 + 4*w**2 + 7*w. Give y(-6).
-5
Let o(r) be the third derivative of r**6/120 + r**5/15 - 5*r**4/24 - 7*r**3/6 + 41*r**2 - r. Suppose 2*b - 3*b = 5. Calculate o(b).
-7
Let x(b) = b - 3. Let y be x(9). Suppose 3*r = 36 - y. Suppose -16*d = -14*d - r. Let a(h) = 3*h - 1. What is a(d)?
14
Let s(p) = 5*p - 6. Let h(j) = j**3 + 16*j**2 + 15*j - 2. Let x be h(-15). Let y be 15/x*(-4)/6. What is s(y)?
19
Let s(n) = -18*n**3 + 9*n**2 - 13*n + 7. Let o(i) = -17*i**3 + 7*i**2 - 11*i + 6. Let w(b) = 6*o(b) - 5*s(b). What is w(-1)?
11
Let a be 1 - -1 - (1 - 5). Let j(y) = -y**3 + 6*y**2 + 2. Let l be j(a). Let x(n) = -3 + l*n - 3*n + 2*n + 2. What is x(-3)?
-4
Suppose -2*i + 13 = w, 19*w - 20*w + 4*i - 11 = 0. Let f(u) = -2*u**2 + 10*u - 5. Calculate f(w).
-5
Let v(t) be the first derivative of -2 - 1/2*t**2 + 4*t. Let k be 1*(-6)/24 - (-50)/8. What is v(k)?
-2
Let t(l) be the third derivative of -l**5/60 + l**4/3 + 2*l**3/3 - 10*l**2 - 2*l. Calculate t(7).
11
Let w(u) = u**2 - 8*u + 8. Let v(t) = t**2 - 6*t + 1. Let q be v(4). Suppose p + 0*j - 14 = -3*j, -5*j = -25. Let s = p - q. Calculate w(s).
-4
Let n(s) = 5*s**2 + 19*s - 15. Let w(p) = 8*p**2 + 20*p - 16. Let l(z) = 3*n(z) - 2*w(z). Give l(10).
57
Let b(g) = g**2 + 36*g - 4 - 66*g + 38*g + 0. Determine b(-8).
-4
Let g be (-2)/6 - 297/81. Let s(k) = -2*k**3 - 5. Let t(m) = -m**3 + m**2 - 5. Let j(h) = 2*s(h) - 3*t(h). Determine j(g).
21
Let s(r) be the third derivative of 3/8*r**4 + 7/3*r**3 - 1/60*r**5 + 0*r + 0 + 2*r**2. Let q be s(10). Let c(o) = o**3 - 3*o**2 - 7*o + 5. Determine c(q).
-7
Let c(z) be the third derivative of -1/60*z**5 + 5*z**2 + 0*z + 0*z**4 - 1/6*z**3 + 0. Let v(q) be the first derivative of c(q). Give v(-3).
6
Let f(i) = -5 - 3*i + 3*i + i. Let m be f(10). Suppose 5 = -5*v - s - 3*s, 0 = -m*s - 25. Let b(z) = z**3 - 3*z**2 - z - 4. Give b(v).
-7
Suppose 5*p + 16 = 7*v - 3*v, 4*v = p + 16. Let i(l) = 6 - 3470*l + 1732*l - 1 + 1735*l. Give i(v).
-7
Suppose 0 = -q + a + 1, -2*a + a = 2. Let l(n) = 383 - 191 - 193 - 11*n. What is l(q)?
10
Let s(y) = -2*y**2 + 6*y. Let r(m) = m**3 + 12*m**2 + m + 16. Let w be r(-12). Let d(p) = -2*p**2 + 7*p - 1. Let u(z) = w*s(z) - 3*d(z). What is u(3)?
-6
Let t(r) = r + 14. Let u be t(-11). Let p(o) = 63*o**u + 3*o**2 - 6 - 64*o**3 + 5*o + 0*o**2. Suppose 5*h + 9 - 2 = 3*s, 13 = 4*s - 3*h. Give p(s).
-2
Let q(k) = -261 + 529 + 2*k**2 - 11*k - k**2 - 246. What is q(9)?
4
Suppose -2*l + 264 = 3*u + 245, -3*u + 5 = -5*l. Let h(g) = 3*g + 4. What is h(l)?
10
Let d(h) be the third derivative of -h**6/120 - h**5/20 - h**4/6 - h**3/2 - 201*h**2. What is d(-2)?
1
Let j(g) = -2*g**2 - 3*g + 4. Let h be (-8)/(-5)*(-4 + -6). Let m = h - -13. Determine j(m).
-5
Let i(r) = 3*r**3 + 4*r**2 + 3*r + 15. Let d(y) = y**3 + y**2 + y + 1. Let l(h) = -4*d(h) + i(h). Let v = 4 + -4. What is l(v)?
11
Let h(q) = -q**2 - 2*q - 20. Let o(y) = 2*y**2 + 6*y + 42. Let v(d) = -13*h(d) - 6*o(d). Give v(8).
-8
Suppose 18 = -4*w - 2. Let b(n) = -2*n + 4 - n + 1 + 1. Let j(t) = -2*t + 3. Let r(i) = 3*b(i) - 5*j(i). Give r(w).
-2
Let i(a) = 4*a**2 + 5*a + 8. Let b(z) = z**2 - z. Let y(t) = -5*b(t) + i(t). Give y(7).
29
Suppose 3*i - 40 = 2*v, 3*i - 46 = v + 4*v. Suppose 0 = -0*s - s + i. Let y(w) = -2*w**2 + 0*w**2 - s*w**2 + 1. What is y(1)?
-13
Let d(o) = -o**2 - 16*o - 12. Let v(p) = p**2 + 15*p + 11. Let s(w) = -3*d(w) - 4*v(w). Determine s(-9).
19
Let v(p) = 2*p**2 - 52*p - 4. Let l be v(26). Let j(z) = 6*z - 4. Give j(l).
-28
Let n(p) = 2*p**2 + 2*p - 15. Let j be n(5). Let c be (-12)/(-10)*150/j. Let m(d) = -d**3 + 5*d**2 - 3*d - 5. Calculate m(c).
-1
Let h(z) = z + 22. Suppose 2*g + g + 3*m - 60 = 0, -71 = -4*g + 5*m. Suppose -5*d + 7 = -3*v, -3*v - g = -5*d + 3*d. Calculate h(v).
13
Suppose 4*n - 26 = 3*t, -5*t + 3*t + 5*n - 22 = 0. Let a(c) = c**2 - 5*c + 5. Let f(r) = r**2. Let k(s) = -a(s) + 2*f(s). Give k(t).
1
Let s(c) = 9*c**2 + c + 1. Suppose 0 = 21*k - 42 - 0. What is s(k)?
39
Suppose -4*y = -3*r + 95, -12*r - 35 = 3*y - 7*r. Let s(q) = -q**3 - 20*q**2 + 3. Determine s(y).
3
Let k(h) = -2*h - 1. Suppose 0 = 3*t - 0*r - r - 8, -3 = -3*r